ulate h(-6).
0
Let i(d) = -60*d + 269. Calculate i(4).
29
Let p(n) = 159*n**2 - 2542*n - 10. What is p(16)?
22
Let k(c) = -c**3 - 5*c**2 + 68*c - 31. Calculate k(6).
-19
Let x(v) = -75*v + 264. Calculate x(6).
-186
Let x(s) = s**3 + 7*s**2 - 14*s - 46. What is x(-8)?
2
Let u(t) = t**3 + 160*t**2 - 3*t - 508. Determine u(-160).
-28
Let t(g) = -g**3 - 6*g**2 + g - 403. Give t(0).
-403
Let d(b) = -5*b - 147. What is d(10)?
-197
Let b(a) = 113*a - 849. What is b(8)?
55
Let g(p) = p**3 + 9*p**2 + 17*p + 20. Give g(-9).
-133
Let w(b) = -817*b - 14714. Give w(-18).
-8
Let o(g) = 5813*g - 17443. Give o(3).
-4
Let o(y) = -7142*y + 149976. Determine o(21).
-6
Let u(i) = 8*i**2 + 15*i - 18. Determine u(-8).
374
Let a(d) = -d**3 + 64*d**2 + 4*d - 267. Determine a(64).
-11
Let b(d) = 61*d**2 - 914*d - 10. Give b(15).
5
Let n(g) = g**3 + 53*g**2 + 108*g + 318. Give n(-51).
12
Let v(d) = -26*d**2 - 26*d + 11. What is v(-2)?
-41
Let x(k) = k**2 + 422*k - 9292. Determine x(21).
11
Let h(o) = -14*o + 110. Determine h(7).
12
Let h(y) = -72*y - 2329. Calculate h(-32).
-25
Let h(p) = p**3 + 12*p**2 + 21*p + 78. What is h(-10)?
68
Let i(f) = 114*f + 586. Calculate i(-5).
16
Let a(b) = b**3 + 30*b**2 + 119*b + 28. Calculate a(-25).
178
Let b(h) = -9*h**2 + 28*h - 16. Determine b(2).
4
Let t(i) = 296*i + 4142. What is t(-14)?
-2
Let f(y) = y**3 + 29*y**2 + 7*y - 19. What is f(-29)?
-222
Let o(n) = -12*n**2 + 16*n + 430. Calculate o(-11).
-1198
Let f(w) = -307*w - 1858. What is f(-6)?
-16
Let h(u) = -u**3 + 7*u**2 + 28*u - 167. Calculate h(7).
29
Let r(g) = -29*g + 308. What is r(23)?
-359
Let k(r) = -r**3 - 10*r**2 + 135*r + 108. Give k(-18).
270
Let r(f) = 9*f**2 + 73*f - 261. Calculate r(-11).
25
Let z(c) = -10*c**2 + 87*c - 75. What is z(8)?
-19
Let u(f) = -87*f - 1431. Determine u(-16).
-39
Let o(k) = k**3 - 13*k**2 + 25*k + 39. What is o(10)?
-11
Let u(z) = -z**3 + 8*z**2 + 40*z + 92. Determine u(12).
-4
Let m(i) = 26*i**3 - 4*i**2 + 4*i + 15. Determine m(-2).
-217
Let y(x) = -x**2 - 25*x + 148. Calculate y(-27).
94
Let q(s) = s**3 + 12*s**2 - 80*s - 393. Give q(-5).
182
Let x(g) = 18*g**2 + 837*g - 409. What is x(-47)?
14
Let h(n) = -142*n + 31667. Determine h(223).
1
Let f(r) = -r**3 + 277*r**2 + 204*r - 56500. Give f(277).
8
Let s(j) = j**3 + 2*j**2 - 4*j - 32. Determine s(0).
-32
Let t(z) = -z**2 - 7*z + 4146. Calculate t(61).
-2
Let o(g) = 90*g**2 + 25*g - 5. What is o(-2)?
305
Let y(t) = 53*t - 367. What is y(7)?
4
Let p(r) = -34*r + 4393. Give p(127).
75
Let v(t) = -42*t**3 - t**2 - 12*t - 11. Give v(-1).
42
Let k(v) = -24*v - 150. What is k(-6)?
-6
Let z(w) = -3*w - 20. Give z(31).
-113
Let h(b) = 902*b + 10847. What is h(-12)?
23
Let o(s) = s**2 - 16*s + 86. What is o(4)?
38
Let t(i) = 70*i - 926. Calculate t(14).
54
Let g(y) = -115*y**3 + y**2 - 29*y + 27. What is g(1)?
-116
Let u(p) = -551*p + 20382. Give u(37).
-5
Let f(u) = -104*u + 5. Give f(1).
-99
Let t(u) = -138*u - 1119. What is t(-8)?
-15
Let j(o) = -2*o**3 + 61*o**2 - 13*o + 1365. Determine j(31).
1
Let b(r) = -r**3 + 12*r**2 + 41*r - 418. Give b(13).
-54
Let i(m) = -138*m - 6222. Calculate i(-45).
-12
Let a(d) = -d**3 - 44*d**2 + 12*d + 540. Determine a(-44).
12
Let u(a) = 4*a**3 - 102*a**2 + 39*a - 47. Calculate u(25).
-322
Let v(w) = w**2 - 32*w - 569. What is v(45)?
16
Let v(z) = 7*z**2 - 23*z + 10. Calculate v(2).
-8
Let p(d) = d**2 + 123*d + 3358. Determine p(-46).
-184
Let u(o) = 4*o**2 + 9*o + 33. Give u(-4).
61
Let a(y) = -2*y**2 + 35*y - 3. What is a(7)?
144
Let v(r) = 45*r + 301. What is v(-7)?
-14
Let w(r) = 83*r - 19. What is w(1)?
64
Let h(j) = 679*j - 12218. What is h(18)?
4
Let d(z) = -2*z**3 + 30*z**2 + 33*z - 11. Give d(16).
5
Let y(b) = 136*b - 5436. Determine y(40).
4
Let h(t) = t**3 - 19*t**2 + 66*t + 216. Determine h(-2).
0
Let h(o) = -439*o**2 - 3065*o + 53. Give h(-7).
-3
Let o(c) = -5*c**2 - 2*c + 64. Determine o(8).
-272
Let s(v) = 816*v + 3272. Give s(-4).
8
Let y(a) = 8*a**2 + 49*a - 1704. Determine y(-18).
6
Let v(o) = 71*o**2 - 64*o + 8. Determine v(2).
164
Let f(b) = -9*b + 745. Calculate f(93).
-92
Let n(r) = 98*r - 5493. Calculate n(56).
-5
Let z(q) = -4*q**3 - 25*q**2 + 5*q + 47. Determine z(-6).
-19
Let v(j) = j**3 - 10*j**2 + 39*j - 74. Determine v(6).
16
Let r(b) = 25*b**2 - 43*b + 295. What is r(6)?
937
Let z(h) = 71*h + 2690. Calculate z(-38).
-8
Let p(m) = 5*m**2 + 23*m + 15. Determine p(-1).
-3
Let s(q) = -q**3 - 333*q**2 - 1006*q - 5275. Determine s(-330).
5
Let z(h) = 3*h**3 - 31*h**2 + 127*h - 139. What is z(6)?
155
Let q(r) = 370*r - 8506. Determine q(23).
4
Let m(d) = -2*d**3 + 35*d**2 - 23*d + 82. Determine m(17).
-20
Let k(p) = 2*p**3 + 2*p**2 - 22*p + 2. What is k(-5)?
-88
Let x(y) = 20*y**2 + 107*y - 24. Determine x(-6).
54
Let d(r) = 54*r + 569. Calculate d(-10).
29
Let u(t) = t**3 + 11*t**2 - 4*t - 20. Give u(-4).
108
Let b(h) = 163*h**2 + 7190*h + 794. Determine b(-44).
2
Let f(k) = 109*k - 30955. What is f(284)?
1
Let o(u) = 91*u - 11544. Determine o(127).
13
Let p(u) = 11*u**3 + 2*u**2 - 2. Determine p(2).
94
Let b(j) = -j**2 - 4*j + 1206. Give b(-30).
426
Let m(h) = h**3 + h**2 - 7*h - 38. Give m(-7).
-283
Let i(q) = q**3 - 13*q**2 + 2*q + 164. Determine i(13).
190
Let z(s) = 664*s - 4678. Give z(7).
-30
Let n(b) = 3*b**3 - 19*b**2 + 8*b + 5. Give n(6).
17
Let h(r) = 2*r**2 + 160*r - 1807. What is h(-90)?
-7
Let b(a) = a**2 + 30*a + 98. Determine b(-28).
42
Let t(k) = k**3 + 237*k**2 - 1461*k - 722. Determine t(-243).
7
Let w(q) = -3957*q - 15819. What is w(-4)?
9
Let r(s) = 20*s - 52. Calculate r(-3).
-112
Let n(g) = -16*g**2 - 90*g + 254. Give n(3).
-160
Let d(r) = 678*r + 1360. Calculate d(-2).
4
Let k(y) = 76*y + 1669. Calculate k(-21).
73
Let q(s) = -10*s - 141. What is q(-3)?
-111
Let k(d) = d**2 + 396*d - 3633. Determine k(9).
12
Let s(q) = 4*q**2 - 154*q - 95. Determine s(39).
-17
Let n(u) = -2*u**3 + 52*u**2 + 234*u + 190. Give n(30).
10
Let i(z) = -z**2 + 3140*z + 140096. Determine i(-44).
0
Let b(r) = -r**3 - 18*r**2 - 15*r + 36. Determine b(-17).
2
Let q(p) = 2*p**3 - 3*p**2 + 24*p + 26. What is q(-1)?
-3
Let q(d) = 268*d + 1958. What is q(-7)?
82
Let y(k) = 2*k**2 + 70*k - 243. Give y(-38).
-15
Let w(s) = s**2 - 14*s - 404. Give w(29).
31
Let d(n) = -3*n**3 + 55*n**2 + 91*n + 196. Calculate d(20).
16
Let a(n) = 5*n**3 + 190*n**2 + 10*n + 348. Calculate a(-38).
-32
Let m(x) = -101*x - 617. Calculate m(-10).
393
Let g(f) = 6*f**2 + 64*f - 109. Calculate g(-12).
-13
Let x(s) = 3*s - 26. What is x(17)?
25
Let c(b) = -2*b**2 - 118*b + 221. Calculate c(-59).
221
Let s(v) = -4*v**2 + 16*v - 17. Calculate s(-7).
-325
Let z(q) = 25339*q - 50664. What is z(2)?
14
Let i(z) = z**3 + 8*z**2 + 80*z + 605. Determine i(-7).
94
Let o(t) = -7*t**3 - 5*t**2 + 36*t - 14. Determine o(4).
-398
Let j(t) = 15*t**2 - 85*t + 81. Calculate j(1).
11
Let d(r) = -30*r**2 - 1168*r + 77. Determine d(-39).
-1
Let l(j) = 16*j**2 - 81*j + 2. Give l(5).
-3
Let b(g) = -g**2 - 25*g + 199. Determine b(-43).
-575
Let u(t) = t**3 + 7*t**2 - 11*t - 19. Give u(-8).
5
Let p(d) = 45*d + 165. Calculate p(6).
435
Let q(l) = -l**3 - 28*l**2 + 10*l - 86. What is q(-28)?
-366
Let l(o) = -3*o**3 + 38*o**2 + 521*o + 15. What is l(21)?
-69
Let z(x) = -x**3 + 2*x**2 + 9*x - 7. Determine z(4).
-3
Let f(y) = -y**2 - 182*y - 1260. What is f(-175)?
-35
Let r(q) = -q**3 - 13*q**2 + 145*q + 18. Give r(-20).
-82
Let t(i) = 2*i**3 - 4*i**2 + 8*i - 49. What is t(3)?
-7
Let q(g) = 136*g - 1226. What is q(9)?
-2
Let q(j) = -j**3 + 73*j**2 - 67*j - 299. Calculate q(72).
61
Let y(w) = 49*w - 915. Give y(18).
-33
Let y(v) = 3*v**2 + 26*v - 409. Determine y(8).
-9
Let z(g) = -181*g - 7985. What is z(-44)?
-21
Let a(b) = b**3 + 31*b**2 + 93*b + 21. Determine a(-28).
-231
Let f(c) = -c**2 - 5*c - 2. What is f(-8)?
-26
Let t(g) = 2*g**3 - 49*g**2 + 23*g + 119. Give t(24).
95
Let d(m) = 7*m**2 + 258*m - 305. What is d(-38)?
-1
Let q(s) = 2*s**3 + 20*s**2 - 16*s - 9. Calculate q(-11).
-75
Let r(p) = -p**2 - 367*p + 2609. Determine r(7).
-9
Let v(w) = -38*w + 5401. Give v(142).
5
Let i(v) = -v**3 - 6*v**2 - 37*v - 232. Calculate i(-6).
-10
Let o(n) = -1691*n + 1691. What is o(1)?
0
Let l(x) = -3*x**3 - 5*x**2 + 6*x + 14. Give l(-4).
102
Let c(m) = m**2 + 29*m - 379. What is c(0)?
-379
Let k(v)